t is the remainder when c is divided by 10?
8
Let y(d) = d + 1. Let n(r) = -5*r**2 - 4*r - 4. Let v(u) = -n(u) - 5*y(u). Let l(b) = b**2 - 3*b - 6. What is the remainder when v(2) is divided by l(5)?
1
What is the remainder when 122 is divided by ((-3915)/(-675))/((-2)/(-10))?
6
Let c(h) = -3*h - 43. Let u be c(-11). Let n(t) be the first derivative of t**3/3 + 9*t**2/2 - 8*t + 2. Calculate the remainder when 4 is divided by n(u).
0
Suppose 11 + 319 = 5*s. Let m = 31 + -17. Calculate the remainder when s is divided by m.
10
Let u be 6/(-9)*(-25 + 4). Let h = u - 6. Suppose -p + 561 = 5*v - 5*p, -2*p = h. What is the remainder when v is divided by 28?
25
Let w = -35 + 53. Let f = w - 15. Calculate the remainder when f is divided by 1.
0
Let g(x) = -4*x**2 - 25*x + 7. Let i be g(-8). Let l = -14 - i. What is the remainder when l is divided by 2/5 - 43/(-5)?
8
Let c = 4060 - 2750. What is the remainder when c is divided by 19?
18
Suppose -y + 2 = 0, 2 + 0 = s - 2*y. What is the remainder when 6 is divided by s?
0
Let j be 18/12 + (-57)/6. What is the remainder when ((-52)/j)/((-1)/(-8)) is divided by 6?
4
Let y(h) = -2 - h - 2*h + 1 + 2*h. What is the remainder when 6 is divided by y(-3)?
0
Let b = 1335 - 1334. Calculate the remainder when 67 is divided by b.
0
Let q(l) = l**3 - 2 - 15*l**2 + 25*l**2 + 4*l - 8. Calculate the remainder when q(-8) is divided by 22.
20
What is the remainder when 20/(-7)*-12 - (-20)/(-70) is divided by 7?
6
Let q = -35 - -69. Let t(n) = 4*n + 42. Let a be t(-10). Suppose -36 = -a*p - 2*p. Calculate the remainder when q is divided by p.
7
Suppose 2*f - 24 = 5*j, 4*j + 18 + 4 = 3*f. Let z(d) = -5*d + 7. Let k be z(f). What is the remainder when 30 - k/12*-4 is divided by 5?
4
Suppose -16*i + 132 = -4*i. What is the remainder when 171 is divided by i?
6
Suppose 2*n - 3*a = 521, -3*n + 3*a - 531 = -1311. Suppose -5*j = 2*j - n. Calculate the remainder when j is divided by 21.
16
Let r = 31 + -28. Suppose r*i = -2*g + 73, 5*g - 105 = 2*i + 49. Let l(o) = -o**3 + o**2 + o + 1. What is the remainder when g is divided by l(-2)?
10
Let n(x) = x**3 - 29*x**2 - 31*x + 73. Calculate the remainder when 771 is divided by n(30).
40
Let k be ((-4)/(-6))/((-3)/9). Calculate the remainder when -1*(2 + -23) + k is divided by -3 - ((-4 - -4) + -13).
9
Let c(h) = 18*h - 7. Suppose 6 = 5*x + 4*q, x + q - 2 = -1. Calculate the remainder when c(x) is divided by 11.
7
Let j = 1083 - 1040. What is the remainder when j is divided by 20?
3
Let c(b) = 6*b**2 - 4. Let s be c(2). Suppose s = 9*p - 8*p. Calculate the remainder when p is divided by 11.
9
Calculate the remainder when (38/4 - -1)/(9/54) is divided by 2/3*-26*(-24)/32.
11
Suppose -3*j - y + 96 = -7*y, 0 = 5*y - 10. Calculate the remainder when 122 is divided by j.
14
Suppose 52 = -5*o - 23. Calculate the remainder when 46 is divided by -15*(-4)/o*-3.
10
Let l = 4 - -22. Suppose 375 = 56*n - 31*n. Calculate the remainder when l is divided by n.
11
Suppose 4*u = 3*n + 57, -4*n + 3*n + 57 = 5*u. Let l = u + -22. Let w(x) = -3*x - 23. What is the remainder when w(l) is divided by 4?
3
Let s = 100 + -85. Calculate the remainder when 44 is divided by s.
14
Suppose 7 - 13 = -x. Calculate the remainder when 15 is divided by -20*1*x/(-15).
7
Suppose 2*n - t = 4*t - 9, -3*t + 25 = -4*n. Let l = n + 17. Suppose -2*c - 4*p = -64, -c + 74 = 2*c - 5*p. Calculate the remainder when c is divided by l.
8
Let j = 18 - 15. Suppose 4*p + j*v - 556 = 0, 0 = -0*v - 2*v - 8. Calculate the remainder when p is divided by 29.
26
Let k(b) = 12*b**2 - 12. Let v be k(5). Suppose 0 = -0*j + 4*j + v. Calculate the remainder when 26 is divided by j/(-27)*30/8.
6
What is the remainder when 2192/14 - -2 - (-3)/7 is divided by 18?
15
Suppose 2*p - 392 = 2*m, -8*m + 558 = 3*p - 5*m. Let w = -114 + p. What is the remainder when w is divided by (-2)/(-9) - 178/(-9)?
17
Calculate the remainder when 42 is divided by 22*(3 + -2) - 8/(-2).
16
Suppose 2*j + 8 = 6*j. Suppose -j + 4 = 2*d. Let k = d + 8. Calculate the remainder when k is divided by 3.
0
Suppose -9*m - 54 = -162. Calculate the remainder when 167 is divided by m.
11
Let c = -2515 + 2536. Suppose -k + 6*k = 410. What is the remainder when k is divided by c?
19
Suppose -3*g + 1 = -4*g, 3*m - 3*g - 24 = 0. What is the remainder when 85 is divided by m?
1
Suppose 7*f - 12*f + t + 178 = 0, 4*f - 4*t - 136 = 0. What is the remainder when f is divided by 19?
17
Let t = -31 - -43. Suppose -t = -4*x, -4*v + 2*x + 55 = -3. Calculate the remainder when 23 is divided by v.
7
Let j = 31 - 20. Let b be (-108)/(-10) + j/55. Let s(l) = -l**3 + 11*l**2 + 4*l - 3. Calculate the remainder when s(b) is divided by 14.
13
Let x be (-12)/16 + 57/12. Suppose x*a - 26 = 10. What is the remainder when 32 is divided by a?
5
Suppose 3*w = -2*y + 52, -4*y + 12 = -5*w + 62. Let z be 3/4*16/2. Suppose 2*i - z*i + 164 = 0. What is the remainder when i is divided by w?
13
Suppose -2*v - 60 = -7*v. Suppose 142*q = 141*q + 30. Calculate the remainder when q is divided by v.
6
Suppose 54*l = -34*l + 2112. Calculate the remainder when 596 is divided by l.
20
Let r = -135 + 77. Let d = r - -93. Let m(x) = 4*x. What is the remainder when d is divided by m(3)?
11
Suppose -3*k - 6*k + 1265 = 14*k. Suppose 0 = -3*x + 4*m + 99, m + 3 = -0. What is the remainder when k is divided by x?
26
Let v = -90 + 166. Let u(z) = -z**2 - 12*z - 4. What is the remainder when v is divided by u(-10)?
12
Let t = -212 + 356. What is the remainder when t is divided by 49?
46
Suppose -u + 35 = -0*u. What is the remainder when 78 is divided by u?
8
Suppose -5*c = 4*r - 26, -2 = 3*r - r. Suppose 108 = -2*p + c*p. What is the remainder when p is divided by (-465)/(-65) + -1*10/65?
6
Let y = 23 + -7. Suppose -y = -h - 3. Let d = -4 - -9. Calculate the remainder when h is divided by d.
3
Let z(x) = -x**2 - 21*x + 38. Calculate the remainder when z(-19) is divided by 10.
6
Suppose -5*b + 485 = 3*n, 2*n - 15*b = -16*b + 335. What is the remainder when n is divided by 22?
16
Let g = -301 - -455. Let m(z) = -z**3 + 5*z**2 + 3*z - 2. What is the remainder when g is divided by m(5)?
11
Let n(h) = -h**3 + 5*h**2 + 4. Let i be n(5). Suppose 5*c = 2*d - 3*d + 12, i*c + 3 = -5*d. Calculate the remainder when (-1*5 - 1)/(-1) is divided by c.
0
Let z(f) = -f**2 + 6*f - 1. Let b(a) = -a**2 + 5*a. Let y(n) = 3*b(n) - 2*z(n). Let l be y(4). What is the remainder when l - (3 - 45 - -2) is divided by 10?
8
Let r = 54 - 51. Suppose 0 = s + 4*t - 27, r*s + 4*t = 3*t + 59. What is the remainder when 53 is divided by s?
15
Let g = -19 + 21. What is the remainder when 5/(-25)*-2*(-3 - -23) is divided by g?
0
Let z = 262 + -245. Suppose 2*w = 4*f - 44 + 6, 5*f + w - 37 = 0. Calculate the remainder when z is divided by f.
1
Let z = 7 + -4. Let f(n) = 0 - 5 - 6*n - 2*n**2 - 2*n**2 + 5*n**2. Calculate the remainder when z is divided by f(7).
1
Suppose 0 = 3*k + 3*u - 1251, -2*k + 885 = -2*u + 67. Calculate the remainder when k is divided by 70.
63
Let l(n) = -n**2 - 2*n + 8. Let g be l(-6). Let z(i) = -i**3 + 6*i**2 + 6*i + 4. Let k be z(6). Let p = k + g. What is the remainder when 45 is divided by p?
21
Let y(x) = x**2 + 3*x - 9. Let v be y(-5). Calculate the remainder when 39 is divided by -1*(-2 - v) - -11.
11
Suppose 26*m = 14*m + 5352. What is the remainder when m is divided by 64?
62
Let r be (1 - 8/4)/(1/2). What is the remainder when 38 is divided by (-462)/7*(0 + r/6)?
16
Suppose -4*n = -8*n + 36. What is the remainder when 3/12 - (4 - 222/8) is divided by n?
6
Suppose 320 = d + 39*d. Calculate the remainder when 287 is divided by d.
7
Calculate the remainder when 160 is divided by 3698/(-215)*(-15)/6.
31
Let c = 86 - 25. Calculate the remainder when c is divided by 1/(235/(-80) + 3).
13
Let d = 2 - -42. Suppose -10*b + d = -26. What is the remainder when b is divided by 5?
2
Let y = -12 - -20. Let b(x) = -19*x + 1. Suppose 1 = -5*c - 9. Calculate the remainder when b(c) is divided by y.
7
Suppose z - 2 = 3. Let m(a) = 7*a**2 - 17*a - 63. Let k(j) = 4*j**2 - 8*j - 32. Let i(y) = 5*k(y) - 3*m(y). What is the remainder when i(12) is divided by z?
2
Calculate the remainder when (-108)/(-5) + (-6)/(-15) is divided by 13.
9
Calculate the remainder